*i - i - 2*i. Suppose 150*v - 324 = 231*v. Calculate h(v).
-6
Let n(p) = p**3 + 5*p**2 + 5*p + 2. Suppose -2*v = -8*v. Suppose j + 4*j - 2*c - 8 = v, j = -c + 3. Suppose -5*a - 4*d - 2 = j, -4*a - 8 = 2*d. What is n(a)?
-2
Let a(z) = -8*z + 30. Let m be a(3). Let s(w) = w**2 - w. Let q(r) = -r**2 + 2*r - 1. Let t(n) = -5*q(n) - 4*s(n). What is t(m)?
5
Let n(m) = -m**3 - 4*m**2 + 3*m. Suppose 5*r = 3*v + 1, 2*v + 5*r - 1 = -10. Suppose -4*i = -18*i - 42. Let l be v + 6/(i + 0). What is n(l)?
-12
Suppose -4*p = -3 - 5. Suppose 5*l - 3*l - 4*q = p, 0 = 4*l - 4*q - 12. Let b(g) = 11 + l*g - 9 + 5*g**2 + g**3 + 0*g**3. Give b(-3).
5
Suppose -5 = -3*n + 4. Let i(d) = -9*d**2 - 13*d - 6. Let l(f) = 5*f**2 + 7*f + 3. Let a(t) = 6*i(t) + 11*l(t). Give a(n).
3
Let u(t) = -t - 8. Let s(l) = -l - 2. Suppose -5*x = 3*v - 38, x = 5*v - 3*v + 5. Let y be s(x). What is u(y)?
1
Let b(u) = -u**2 - u + 12. Let x be b(-4). Let i(k) = 10 + 10 + k - 3 - 4. Calculate i(x).
13
Suppose -13*h + 9*h = 0. Let i be (-14)/28*(-24 - h). Let o = i - 5. Let c(w) = -2*w + 8. Determine c(o).
-6
Let y(n) = -6*n**2 - 4*n - 25. Let v(p) = p**2 - 2*p. Let h(m) = 5*v(m) + y(m). Calculate h(-10).
15
Suppose q - 2*m = -8, -5 = 5*q - 14*m + 11*m. Let r(j) = 4 - 2 + 3*j - 3. Calculate r(q).
5
Let g(m) = -6*m - 3. Suppose -l = -2*k + 5 + 8, 0 = -4*k + 16. Calculate g(l).
27
Let y(w) = 20*w**3 + 21*w**3 - 40*w**3 + 6*w**2 + 0*w - w + 1. What is y(-6)?
7
Let c(w) = -w - 1. Let a(b) be the second derivative of b**3/2 + 8*b**2 + 7*b. Let q be a(-7). Let d be c(q). Let v(u) = u**2 - 4*u + 1. Determine v(d).
1
Let h = 32 - 3. Suppose 5*z = -36 - h. Let n = 14 + z. Let d(a) = -6*a**2 + 2*a - 1. Give d(n).
-5
Let g(x) = -7*x - 15. Let o(l) = -32*l - 61. Let c(q) = 9*g(q) - 2*o(q). Calculate c(7).
-6
Let n = -68 + 69. Let c(v) = 3*v**3 + v**2 - 3*v + 2. Calculate c(n).
3
Let y be 2 - 1/3*-3*0. Let u(o) = 13*o. Determine u(y).
26
Let a(y) = -5*y - 398 + 798 - 398 + 4*y. Give a(-10).
12
Let d(c) = -c + 1. Let h(p) = 12. Let u(z) = 2*d(z) - h(z). Let r(o) = -3*o - 31. Let l be r(-8). What is u(l)?
4
Let z(k) = -4*k**2 + 5*k + 9. Let q(f) = f**2 - f - 2. Suppose 69 + 3 = -4*m. Let i(b) = m*q(b) - 4*z(b). What is i(-2)?
-4
Suppose 5*t - 43 + 43 = 0. Let r(u) = u**3 + 10*u**2 - 11*u + 3. Let a be r(-11). Let w(n) = n**2 - a*n + 3*n + 9 - n. What is w(t)?
9
Let l(j) = 5 - 22*j - 4 - 2 + 21*j. Calculate l(-7).
6
Let q(u) = u**3 + 4*u**2 - 5*u + 10. Let x be q(-5). Let h = -14 + x. Let d(p) = -p**2 - 7*p - 1. Give d(h).
11
Let i(v) be the first derivative of -v**4/4 - 4*v**3/3 + v**2 - v - 44. What is i(-4)?
-9
Let p(h) be the third derivative of h**8/20160 + h**7/840 + h**6/360 + 8*h**5/15 - 26*h**2. Let a(z) be the third derivative of p(z). Determine a(-6).
2
Let f(w) = -5*w + 10. Let z(q) = -15*q + 32. Let j(b) = -7*f(b) + 2*z(b). Let o be (-364)/(-65) - (-3)/(-5). Calculate j(o).
19
Let i(n) = -n**3 - 3*n**2 + 4*n**2 + 0*n**3 + 2*n**3. Let w(j) = j**2 - 6*j + 2. Let u be w(5). What is i(u)?
-18
Suppose -13*f + 14*f - 11 = 0. Let k(i) = i**3 - 11*i**2 + i - 11. Let z be k(f). Suppose 5*o - 48 + 18 = z. Let q(w) = -w**3 + 5*w**2 + 4*w. What is q(o)?
-12
Let x(t) = 14*t + 28. Let v(i) = 7*i + 13. Let n(l) = 13*v(l) - 6*x(l). Let j(b) = b + 3 - 4 - 8*b. Let c(g) = -4*j(g) - 5*n(g). Give c(1).
-8
Suppose -31 + 33 = -2*q. Let r(a) = -3*a - 3. Let k(v) = -v. Let z(p) = q*r(p) + 5*k(p). Let b = -5 + 9. Give z(b).
-5
Let r(p) be the third derivative of -p**5/60 + p**4/8 + 5*p**3/6 - 4*p**2. Suppose 2*w = 4*a + 4, 0 = -5*w - 8*a + 4*a + 38. Give r(w).
-13
Let j(d) be the third derivative of d**6/120 - d**5/60 + d**3/6 + 6*d**2 - 13. Let b = 1 - 0. What is j(b)?
1
Let x(m) = -m**3 + 6*m**2 + 2*m - 7. Let t be x(6). Let l = 28 - 33. Let u(f) = 5*f + 4. Let o(p) = -4*p - 4. Let d(a) = l*u(a) - 6*o(a). What is d(t)?
-1
Let g(y) be the third derivative of -13*y**6/40 + y**5/30 - y**3/6 - 2*y**2 - 15. Calculate g(1).
-38
Let h(w) = 2*w + 18. Let g(c) = -c**3 - 15*c**2 + 3*c - 208. Let i be g(-16). Calculate h(i).
18
Let t be 2/5 - (-16)/10. Let q(f) be the second derivative of -15*f + 1/6*f**4 + 0 - 1/2*f**2 + 1/2*f**3. What is q(t)?
13
Let p(q) be the first derivative of -6*q**3 - q**2/2 - 202. Calculate p(-1).
-17
Let p be 7/2 - (-506)/(-44). Let b(l) = -2*l**2 - 15*l + 6. Determine b(p).
-2
Let b(x) = -9*x + 126. Let s be b(13). Let v(g) = 4*g + 1. Give v(s).
37
Let m(f) = -3*f + 54. Let n(p) = 4*p - 79. Let b(g) = -11*m(g) - 7*n(g). Determine b(8).
-1
Let h be 1 + -1 + 0 - -7. Let f(k) = k**3 - k**2 + h*k**2 - k**2 - 3 - 8*k. Suppose x + 14 = 2*d, -d - 26 = 3*x - 12. What is f(x)?
9
Let s = -40 - -303. Let p(c) = -s - c**2 + 127 + 133 + 8*c + c. Give p(8).
5
Let u(g) = -52*g**2 + 103*g**2 + 3*g - 4 + 3*g - 53*g**2. Determine u(4).
-12
Let s(w) be the third derivative of w**4/24 + w**3 - w**2. Suppose -v + 29*j - 28*j - 5 = 0, 5*j - 14 = 4*v. Calculate s(v).
-5
Let y be 4/9 + (-414)/(-345)*(-260)/(-27). Let i(c) = -3*c - 30. Let p(n) = -2*n - 15. Let d(u) = 3*i(u) - 5*p(u). Calculate d(y).
-3
Let z = -137 - -143. Suppose 2*h + 16 - z = 0. Let p(d) = -d**3 - 4*d**2 + 3*d - 4. What is p(h)?
6
Let h(x) be the first derivative of -x**4/4 + 5*x**3/3 + 4*x**2 - 5*x - 37. Let v(p) = 5*p**2 - p. Let l be v(-1). Determine h(l).
7
Suppose w - 3*w + 4 = 0. Let f(k) = k + 3. Let v(a) = -a - 2. Let d(g) = w*f(g) + 3*v(g). Give d(6).
-6
Let a(u) = -7*u - 6*u - 3 + 11*u. Suppose 2*h = -2*h + 8. Suppose -2*r - 20 = h*r. What is a(r)?
7
Let c(p) be the first derivative of p**7/840 - p**6/90 + p**4/6 + 28*p**3/3 + 23. Let u(o) be the third derivative of c(o). Calculate u(4).
4
Let o(w) be the second derivative of -3*w**4/4 + w**3/6 - w**2/2 - 19*w - 1. Let p = 6 + -3. Suppose 0 = -5*u + p + 2. Determine o(u).
-9
Let j(d) = d**2 - 13*d + 3. Let z be (0 - 1)/((-5)/(7 + 58)). Determine j(z).
3
Let i(r) = r**2 + r - 1. Let q(t) be the third derivative of -t**6/120 + t**5/20 + t**4/8 + 13*t**3/6 + 6*t**2. Let n(f) = -2*i(f) + q(f). What is n(0)?
15
Suppose -2*l + 5*b + 8 = 0, 0 = -20*l + 21*l - b + 2. Let q(i) = i**3 + 6*i**2 - i - 12. Determine q(l).
-6
Let r(z) = -1 + 97*z + z**2 - 55*z - 46*z. Calculate r(6).
11
Let n(h) = 7*h - 12. Let k(i) = -20*i + 36. Let p(b) = -6*k(b) - 17*n(b). Let v be 4*1 - (-2 + 0). What is p(v)?
-6
Let j(y) = -16 + 15*y**2 + 23*y**2 - y**3 - 10*y - 25*y**2. Calculate j(12).
8
Let w(f) = f**2 + f - 2. Suppose 4*u - 7 - 57 = 0. Suppose 7*l + q - u = 4*l, 0 = -5*l + q + 24. Suppose 4*r - 2 = -l*s, 4*s - 1 = -r + 5. What is w(r)?
0
Let c(p) = 3*p. Let z(m) = 6*m. Let o(v) = -7*c(v) + 4*z(v). Let u(q) = -2*q. Let w(y) = 3*o(y) + 5*u(y). Let f be (-1 + -3)/2 - 0. Determine w(f).
2
Let x be 2/(-5) - (-74)/10. Let v(d) be the third derivative of d**6/120 - d**5/10 - d**4/3 + 5*d**3/3 - 808*d**2. Give v(x).
3
Suppose 62 = -18*g - 13*g. Let i(l) = 2*l**2 + 2*l + 3. Determine i(g).
7
Let g(d) = d**2 - 5. Let a(m) = -m**3 - 3*m**2 + 2*m - 5. Let j be a(-3). Let i(q) = q**2 + 10*q - 11. Let v be i(j). Determine g(v).
-5
Let d(q) = 13*q**3 - 1. Suppose 2*c - 6 = -0*c + 2*p, 3*c = -5*p - 7. Calculate d(c).
12
Let a = 37 - 27. Suppose -a*k + 48 = -2. Let c(d) = -d**3 + 7*d**2 - 5*d - 1. Determine c(k).
24
Let y(c) = -5*c**3 - 3*c**2 + 5. Let w be 37/(-5) - 22/(-55). Let m(i) = 3*i**3 + i**2 - 2. Let j(k) = w*m(k) - 3*y(k). Determine j(-1).
7
Let x(t) = t**3 - 10*t**2 - 2*t + 15. Let v be x(10). Suppose 9 = m + 2*m. Let c(l) = -l - l**2 - m*l - 9 + 10. Determine c(v).
-4
Let p = -25 + 28. Let j be 9/p*(-12)/18. Let u(w) = w**3 + 3*w**2 + w - 2. Give u(j).
0
Let y(p) = -5*p + 2. Let z be -1 - (-3)/(-6)*310/5. Let v be (-4)/(-9) + z/(-9). Calculate y(v).
-18
Let z(k) = 10 + k + 0*k - 2*k - 18. Suppose 4*o + 3*n + 34 = 0, -n - 29 = 5*o - 4*n. Let j(m) = -m**3 - 6*m**2 + 9*m + 8. Let t be j(o). Calculate z(t).
-2
Let z(w) = -3*w**2 + 4*w + 20. Let s(h) = 5*h**2 - 3*h - 25. Let f(y) = 2*s(y) + 3*z(y). Calculate f(-7).
17
Let h = 339/7 - 657/14. Let v(d) be the second derivative of 0 + h*d**2 + 3*d + 1/6*d**3. Give v(3).
6
Let g(i) = -3*i. Suppose -218*n + 18 = -209*n. What is g(n)?
-6
Let x be -1*((2 - 13) + 4). Let r be -7 + (-7)/(x/(-2)). Let i(k) = -10*k - 4. Let v(o) = -7*o - 3. Let q(u) = r*i(u) + 7*v(u). Calculate q(